late the greatest common factor of w and n.
12
Let h(k) = 81*k + 38. Let d be h(7). What is the highest common factor of d and 165?
55
Suppose 1909*q - 250 = 1899*q. Calculate the highest common divisor of 2900 and q.
25
Suppose -2*x + 5 - 1 = 0. Suppose 0*f + x*f = 72. Suppose 0 = -m - 4, 4*l - 3*m - 36 = 2*l. Calculate the greatest common divisor of l and f.
12
Suppose 85*f - 6300 = 25*f. Calculate the greatest common divisor of f and 30.
15
Suppose -r - 2 = -2*r. Suppose -5*s + r*y - 23 + 105 = 0, -4*y = 4. Calculate the highest common factor of s and 4.
4
Suppose -105 = -2*x + 5*x. Let d = 233 + x. Let v = 26 + -8. What is the highest common divisor of v and d?
18
Suppose 84 = -2*a + 3*a. Let k be 4 - 3 - (-5 + 6). Suppose k = 4*j - 0 - a. What is the greatest common factor of 14 and j?
7
Let j(f) = 2*f**2 - 35*f - 22. Let m be j(-5). Calculate the highest common divisor of 14 and m.
7
Suppose 4*v + 57 = 193. Suppose -15*p = -2*p - 884. Calculate the highest common factor of v and p.
34
Let a(g) = 2*g**2 - 9*g - 11. Let b be a(-9). Let y be (b/(1 + 3))/(1*2). What is the greatest common divisor of 319 and y?
29
Let l(m) = m**3 + 9*m**2 - 10*m + 8. Let s be l(-10). Suppose 3*i - 4*i - s = 0. Let z = i + 11. What is the highest common divisor of 24 and z?
3
Let x = 13 - 54. Let q = x - -58. Calculate the highest common factor of q and 119.
17
Suppose -3*g + q = 70, 2*q - 104 = 4*g - 14. Let b = g + 53. What is the highest common factor of b and 42?
14
Let j(d) = -d**2 + 4. Let s be j(-2). Let p(n) = n**2 + n + 91. Let z be p(s). What is the greatest common divisor of z and 13?
13
Let x = 208 - 120. What is the greatest common factor of x and 11?
11
Let t = 10 + -9. Suppose i + 11 = p, 2*p - 3 = -4*i + 1. Let f be (-282)/(-24) + (-6)/p. What is the highest common divisor of f and t?
1
Let d(r) = 1 - 24*r - 10 + 29*r. Let n be d(4). Calculate the greatest common factor of n and 176.
11
Let o = 9 - 1. Suppose o*x = 13*x - 45. Suppose -2*s + 108 = -0*s. What is the highest common factor of s and x?
9
Let g be (-396)/(-16) - 2/(-8). Let r = g - 21. Suppose v = -5*m - 25 + 60, 4*v - r*m = 116. Calculate the greatest common divisor of 15 and v.
15
Suppose -2*q - 5 = -2*j + 7, -5*j + 42 = -2*q. Let x be 13 + -5 - (0 + -1). Let f = x - 4. What is the greatest common factor of j and f?
5
Let m(b) = -2*b**2 - 59*b + 129. Let y be m(-30). What is the highest common divisor of y and 209?
11
Let x(l) = -7*l - 32. Let i be x(-5). What is the greatest common factor of 3 and i?
3
Let z = 8 + 0. Let u(m) = 33*m - 603. Let q be u(19). Calculate the greatest common factor of z and q.
8
Suppose 0 = -5*n + 4*n - 28. Let p = n + 72. Suppose -p = -4*v - 0*v. What is the greatest common factor of 66 and v?
11
Let z(q) = -q + 15. Let h be z(7). Let n(t) = t - 7. Let y be n(h). Let o be 4*(y - 231/(-12)). Calculate the greatest common divisor of o and 9.
9
Let d(o) = o**3 - 25*o**2 + 23*o + 19. Let k be d(24). Let l be -281 - -1 - (2 - 1). Let y be l/(-4) - k/(-20). What is the highest common factor of 28 and y?
14
Let f = 562 - 320. Calculate the highest common divisor of f and 66.
22
Suppose -7*h + 64 + 111 = 0. Suppose -16*j + h*j = 2016. What is the greatest common factor of j and 28?
28
Let a be ((-12)/5)/(-1 + 4/5). Let r be (-1)/5 - (-61)/5. Suppose 4*f = 6*f - r. Calculate the highest common divisor of a and f.
6
Suppose -m = 4*i - 4*m - 53, -m = i - 8. Calculate the highest common divisor of 374 and i.
11
Suppose 2*i + 2*u - 34 = 0, u + 2*u = -12. Let p be (4/(-12)*-2)/(1/231). Let n = 157 - p. What is the highest common factor of n and i?
3
Suppose -21 = -6*r + 2*r + 3*x, 2*x = 2*r - 12. What is the greatest common divisor of 23 and r?
1
Let b be 717/5 + (-304)/(-40) + -8. Let w(l) = -l**3 + 2*l**2 + 3*l + 3. Let u be w(-2). Calculate the greatest common divisor of u and b.
13
Let a = -10 - -10. Suppose a = -h + 3*i + 51, 3*i + 159 = 4*h - 18. Calculate the greatest common divisor of 7 and h.
7
Let w(s) = -290*s - 149. Let a be w(-1). What is the greatest common divisor of 799 and a?
47
Let n = -629 - -636. What is the greatest common factor of 5 and n?
1
Suppose 3*k - 99 = -4*h, 15 = h + 4*k - 0. Suppose 110*a = 112*a + 50. Let l = a + h. What is the highest common factor of l and 22?
2
Let y(f) = -f**2 + 24*f - 46. Let r be y(11). What is the highest common divisor of r and 1552?
97
Suppose 41*p + 86 = 414. Calculate the greatest common factor of 172 and p.
4
Suppose -l = 3*j - 39, -129 = -5*l + j + 18. Suppose -2*g + 14 = 4*c, 1 - 4 = -c - g. Suppose c*b - l = -b. What is the greatest common factor of 1 and b?
1
Let b(v) = -v**2 - 13*v - 3. Let c be b(-8). Let d be 112 + 12/(-3) - -3. What is the greatest common factor of d and c?
37
Suppose 3*z - z = 5*l - 22, -5*l = -4*z - 24. Suppose 3*g + 0*g = 5*i + 43, -2*g + 28 = -l*i. Calculate the highest common factor of g and 2.
2
Let v = 2533 - 2381. Suppose -2*f + 0*t = 5*t - 23, 5*f = -4*t + 83. What is the highest common divisor of v and f?
19
Let c be (12*65)/5*(-4)/(-3). Calculate the highest common factor of 13 and c.
13
Let w = 34 - 55. Suppose 26*x - 25*x + 14 = 0. Let s be x/w*9/2. What is the greatest common divisor of s and 24?
3
Suppose 16*v - 19*v = 4*q - 360, 3*v - 360 = 5*q. Calculate the highest common factor of 90 and v.
30
Let l(h) = h - 1. Let o be l(5). Suppose 3*s + o = 88. Let p(j) = 3*j**2 + 4*j + 3. Let t be p(-2). Calculate the greatest common factor of s and t.
7
Let k be ((-176)/5)/(2/(-20)). Calculate the greatest common divisor of k and 32.
32
Let p(a) = 9 + 28 + 0*a + 0*a + 2*a. Let z be p(-12). Calculate the highest common divisor of z and 52.
13
Let l(y) = -7*y - 9. Let w be l(-7). Suppose 5*t = t - w. Let v be (-716)/t - 4/(-10). Calculate the highest common divisor of 8 and v.
8
Let g = 373 - 315. What is the greatest common divisor of g and 406?
58
Let j be (-41)/(-2) - (2 + -3)/2. Suppose 12*c = j*c - 9. What is the greatest common factor of 2 and c?
1
Suppose -1485 - 1595 = -11*g. Calculate the greatest common divisor of 42 and g.
14
Suppose 0 = -29*t - 103 + 625. What is the greatest common divisor of 36 and t?
18
Suppose 60*q - 58*q = 2750. Calculate the greatest common factor of 11 and q.
11
Suppose -7*l = -180 - 240. Let n be (-6*8/l)/(1/(-15)). What is the greatest common divisor of n and 54?
6
Let h(y) = y**3 + 24*y**2 + 23*y - 4. Let n be h(-23). Let p be -3 + 4/4 - n. What is the greatest common factor of 26 and p?
2
Suppose -5 = 4*n - 21, 72 = 4*m + n. Let r be ((-170)/(-25))/(2/40). What is the highest common factor of m and r?
17
Let t(o) = -o**3 + o**2 + 2*o + 8. Let g be t(0). Let f be 6/g - 3152/(-64). Calculate the highest common factor of f and 10.
10
Suppose 5*k + 3*z + 34 = 0, 4*z + 2 = k - 5. Let n be 0 + 0 + 1 - k. Suppose 2*g - 240 = -3*g. Calculate the greatest common divisor of g and n.
6
Suppose -9*o = -20*o + 132. What is the highest common factor of 160 and o?
4
Let p = 2003 + -1103. What is the greatest common divisor of 36 and p?
36
Suppose -322 = -18*t + 3836. Calculate the greatest common divisor of 42 and t.
21
Let l be (3 + 33/(-5))*-10. Let s(m) = 3*m**2 - 32*m + 1. Let n be s(11). What is the greatest common factor of n and l?
12
Let s be 1/2 + 35/10. Suppose -5*y + 63 = s*y. What is the highest common factor of y and 1?
1
Let n(d) = -d + 52. Let k be n(33). Calculate the greatest common factor of k and 38.
19
Suppose -5*b + 67 + 58 = 0. Suppose -44 = 147*x - 151*x. Suppose x*i = 12*i - 50. What is the highest common factor of i and b?
25
Let w(c) = -3*c + 6. Let y be w(-6). Suppose l + 42 = -4*x, -l + 0*x = -2*x + y. Let g be (-258)/l - 2/(-5). Calculate the greatest common factor of 45 and g.
9
Let f be (3 - 38)/5*(-26)/7. Let b(u) = -u - 8. Let k be b(-10). What is the highest common divisor of f and k?
2
Let v = 348 - 330. Let y be (30/4)/(-5)*-60. Calculate the highest common divisor of y and v.
18
Let y be ((-364)/(-8))/7 - 6/4. Suppose -y*g + 204 = -146. Calculate the highest common divisor of g and 35.
35
Let h = 5 - -10. Suppose -314 = -14*u + 375 + 151. What is the highest common divisor of u and h?
15
Suppose 54 = 6*z + 24. Suppose -294 = -2*n + 2*g, z*n - g = 6*n - 141. Calculate the greatest common divisor of 18 and n.
18
